+ 687 - (-42 + -3)?
43
Calculate 1 - 4 - (170 + -41 + -136).
4
(-11 - 7) + 7 - (-47 + 65)
-29
Evaluate -1367 - -1347 - (-11 - (-3 + 3)).
-9
Evaluate -20 + (61 + -40 - 27).
-26
Calculate (-1 - -18) + -1 - (7303 - 7264).
-23
Calculate (-16 - 19) + 16 + 31 + (22 - 17).
17
Calculate 123 - (-44 + 76 + 54).
37
Evaluate (1 - 13) + -2 - (-82 + 34 - -50).
-16
-10 + (37 - -10) + 24 + -16
45
What is (-64 - -146) + -14 + 11?
79
Calculate -2 + (1 - 17) + -1729 + 1742.
-5
What is (19 - (-1 - 0)) + (-420 - -703 - 379)?
-76
-20 + -19 + 29 + (-7 - -7) + 90 + -1
79
Evaluate (-9 - -21) + (-4 - (63 + 3 + -9 + 7)).
-56
What is -98 + 19 + 4 - (4 + (-1 - 2 - -3))?
-79
Calculate ((-28 - -64) + 25 - 22) + 22.
61
Calculate (0 - 0 - 13) + 136 + (-221 - -127).
29
Calculate -46 + 42 - (-5 + (-5 - -11 - 5)).
0
Calculate -67 + -13 + 61 + -32.
-51
92 + -90 + 53 + -6 + (-15 - 0 - -1)
35
What is the value of 1 - 9 - (-408 - -389)?
11
What is -36 + 53 - 24 - -40?
33
What is 121 - (28 + -10) - 141?
-38
Evaluate -150 - (88 - (188 - 42)).
-92
What is (-93 - -7) + (-1 - 55) + 34?
-108
(17 - (-18 - -11 - -24)) + (0 - 7) - -45
38
Evaluate 190 + -160 - (-5 - -6).
29
Evaluate 73 - (61 + -29 + 12).
29
30 - ((-8 + 0 - 10) + 22)
26
Evaluate 13 - (2 + 0) - (90 + 53 + -154).
22
What is 1 - -3 - (2 - 21 - -13) - 3 - -48?
55
Calculate 9 - 17 - (32 - 22) - -25.
7
What is the value of -77 - (161 - (390 + -88))?
64
What is the value of 68 + 5 + (562 - 571)?
64
Evaluate -38 + -71 + 29 - -172.
92
0 - (-40 - 1) - (-14 - (-97 + 88))
46
Calculate -2 + 51 - (-1234 + 1297).
-14
What is the value of -46 + 52 - (-20 + 8 + -2)?
20
What is -3 + 64 + 90 + -210?
-59
What is the value of 128 + -42 - (15 - -2 - (-9 + 9))?
69
What is the value of -1808 + 1940 + -20 + (7 + -1 - 3)?
115
What is the value of 13 - -11 - 14 - 27 - (0 - -1)?
-18
-96 + -15 + 73 - -114
76
Calculate 76 + (41 - (115 + -100)).
102
Calculate 660 + -663 + 9 + 0 + (-70 - 2).
-66
What is 13 + -28 + 13 - (27 - -105)?
-134
-1 + 1 + (-16 - (-17 + 15)) + 7
-7
-187 - -175 - (-3 + 2 + -6) - 60 - -3
-62
Evaluate -87 - (20 - (13 - -73)).
-21
4 + 22 + -14 + (91 - 28)
75
Calculate 4 + (-2 - -1) - 1 - (-774 + 740).
36
What is 1 + (1 - -2) - ((-11 - -7) + 16) - -84?
76
What is -16 + (7 - (9 - (-7 - 2))) + 0?
-27
Calculate (-17 - 2) + (-13 - 0 - -9).
-23
-63 + 15 + (9 - 19 - -20)
-38
Calculate -64 + 129 + -29 - -5.
41
What is the value of 7 + 0 - (-172 + 181 + 68 + 0)?
-70
What is -17 + -95 - -143 - 23?
8
(-62 - 5) + 98 - -33
64
Calculate (-37 - -38) + (-82 - (-9 - (-6 - 10))).
-88
What is -6 + 7 + (-1 - 8) + 12 + -6 + 37?
35
What is the value of (-120 - -29) + (10 - (-5 + 36))?
-112
What is (1 - (2 - (-2 - -5)) - 19) + -10?
-27
What is the value of -140 + 33 - -80 - -125?
98
What is -7683 - -7650 - (-16 - 0)?
-17
Evaluate 5 + 25 + -51 + -10.
-31
Evaluate -7 + -7 + (-22 - (-3 + 6 - 2)).
-37
Evaluate (120 - 286) + 194 + -72.
-44
Calculate (-5 - (13 + -4 + -4)) + -37 + 59.
12
What is the value of -5 - (-1 + 1) - (-4 + -22) - (0 + 8)?
13
-15 - (1 + (-49 - (-15 + 36)))
54
What is the value of -27 - (-52 - (-17 + -79))?
-71
What is the value of (21 - -18 - (12 - 8)) + (2 - 4) + 9?
42
Evaluate 66 + -15 - ((-7 - 5) + 28).
35
What is (-3192 - -3266) + (0 + 2 - (0 - -12)) - 8?
56
Calculate 11 + -30 + (-22 - 10 - -13).
-38
What is -7 - -2 - (4 + (8 - -24))?
-41
Calculate -52 + ((-7 - -47) + -73 - -9).
-76
Calculate -33 - (-13 + (1 - (3 + -13 + 8))).
-23
What is the value of -1 + 12 + 1 + -22 + -1 + (-69 - -133)?
53
Evaluate -120 + 64 + 66 - 49.
-39
What is -1 - 39 - ((-108 - -158) + -53)?
-37
Calculate 21 + -55 - (2 + (21 - 3)).
-54
59 - ((-5 + -27 - -40) + -29 + 4)
76
What is ((-8 - (-11 + 16)) + (145 - 0) - 6) + 16?
142
What is the value of -38 - ((-24 - -47) + -44 - -33)?
-50
-11 + -1 - (20 + 21 + 28)
-81
-10 - (1 + -1 + (-272 - -252))
10
51 - (34 - (-47 + -22))
-52
What is 17 + -51 + 31 + -21?
-24
-322 + 314 - (4 - -28)
-40
What is (1540 - 1526) + -9 + -2 + (2 - 3) - 21?
-19
What is -24 + 8 + 85 + -69 + (0 - -9)?
9
What is the value of (-5 - -21) + (4 + (-1 - 12) - -3) + -4?
6
Evaluate 21 + 25 + (11 - -10) - -12 - -3.
82
What is 14 - (-6 + 2 + (2 - -5) + -35)?
46
Evaluate 13 + (2 + 19 - 8 - 71).
-45
What is the value of 59 + -64 - (5 + 7) - 11?
-28
Calculate (-28 - -43) + (13 - 47) - (-1 - -1).
-19
What is the value of -11 - ((23 - -13) + 2 + -37 - (-99 - 1))?
-112
What is 100 - (46 + 21 + -21 + -12 - 22)?
88
What is the value of (18 - -13) + -20 - -11 - 43?
-21
What is (-2 - (-1 - -29)) + 14654 + -14659?
-35
63 + -188 + 173 - 10
38
What is the value of -4 + 47 - (644 + -602)?
1
Evaluate (17350 - 17270) + (1 - 43).
38
What is the value of 63 - (3 - ((3 - 4) + -11))?
48
Evaluate 2 + -7 + 3 + 47.
45
-2 + 2 + -35 + (-135 - -267) + -140
-43
-41 + (50 - -38) - -1
48
(-207 - 122 - -329) + 1 + 1 + -1 + 43
44
What is (4 - (3 - 1)) + -3 + -2 + 14 + -27?
-16
What is the value of (-324 - (-307 - 0)) + (1 - 17) + 0?
-33
What is -3 + -8 + (64 - -7) - (3 - -3) - 3?
51
What is the value of -26 - ((-182 - -185) + 0 + 19)?
-48
What is 0 + 0 - (-22 + 1 + (-36 - -14))?
43
What is (20 - -35) + 4 - 99?
-40
Calculate 25 + -33 - ((10 - 15 - -87) + 6).
-96
Calculate (115 - (16 + 16)) + -14 + 26.
95
-32 + (-40 - 11 - -5) - 39
-117
Calculate 49 + 36 + -123 + 43.
5
-73 + -56 + 125 - (47 + -1 + -1)
-49
5 + 1 + 10 + (-1 - ((-10 - -5) + 15))
5
-3 - -1 - (42 - (-73 - -122))
5
Evaluate -12 - (1 + (0 - 4)) - (23 - 18 - -72).
-86
What is 0 - (0 - -66) - (266 + (87 - 341))?
-78
What is -9 - -46 - 30 - (-1 - 0) - (10 + -26)?
24
Evaluate 0 - (-4 - (-4 + -2)) - (58 - (44 + -14)).
-30
Calculate (7 - -2) + (33 - 51) - 4 - (51 + 2).
-66
What is the value of -12 + 16 - ((-10 + 11 - 11) + -42 + 4)?
52
What is (-20 - -6) + (8 - (17 + -9)) + -32?
-46
Calculate -53 + -1 + 6260 + -6252.
-46
Evaluate -53 - 2 - ((-9 + 8 - 2) + 3).
-55
What is the value of (-8 - 11) + (-46 - -118)?
53
Evaluate 0 - -17 - (-5 - (-45 + (-54 - -18))).
-59
2 + (10 - (-27 - (17 - 21)))
35
What is -17 + 5 + -2 - (652 - 624)?
-42
Calculate (3 - 0) + (57 - 50) + (10 - 34) + 13.
-1
Calculate (16 - (82 - 35)) + 1.
-30
Evaluate (-32 - 3) + -5 - -27 - (-76 - 2).
65
What is (16 - (-7 + 18)) + -24 - -22?
3
What is -10 + -14 + ((10 - 11) + (13 - 13) - -162)?
137
4 + -6 + -10 - (-5 + 0 + -49)
42
Evaluate 17 + 5 - ((87 + -2 - 18) + 17).
-62
What is (41 - 55) + 13 + -34?
-35
7 + -26 + 8 - ((3 + 1 - -4) + -6)
-13
Evaluate 63 + -60 - (-9 + 12 + -21).
21
What is 22 + -12 + 9 - (3 - 21)?
37
-6 - (-22 - -21 - (-13 - (-2 - 5))) - -4
-7
Calculate (8 - (2 + 13 - (-34 + -5 - -36))) + 9.
-1
What is the value of -24 + 18 - (50 + (18 - 21))?
-53
Evaluate -30 + -7 - ((4 - -54) + 27).
-122
Calculate 106 - ((10 - -6) + (-6 - 9) - -8).
97
Calculate (1 - 5) + -16 + 93 + (-8 - 30).
35
Evaluate -38 + -57 + 50 + 7.
-38
Evaluate -10 + 3 - (734 - 797).
56
What is 24 + (-36 - -59) - 89?
-42
Evaluate 21 - (-768 + 773 + (-20 - -1)).
35
What is -123 - (116 + -38 + -131)?
-70
32 + (-52 - (12 - -27))
-59
What is 33 + -27 + 23 + -45 - -48?
32
Calculate 18 + (10 - 32) - (1 - (1 - -32)).
28
-7 + -26 + 52 + 7
26
What is (-20 + -29 - -122) + -18?
55
Evaluate -10 - 4 - (-9 + 22 - (36 + -16)).
-7
Evaluate -9 + 52 - -26 - 36.
33
Evaluate -13 + (-20 + 3 - -44 - 26).
-12
Evaluate (-5929 - -5845) + 2 + (5 + 1 - (2 - -1)).
-79
What is the value of (42 - 39) + 16 + -2 + -3 + -1 - 33?
-20
Evaluate -100 + (-12 - -18) + (40 - 70).
-124
What is 16 - ((-5 - -7) + -3 - (30 - 11))?
36
Evaluate -3 + 51 + (-324 - -339).
63
What is the value of 91 + -41 + 26 - (23 + -11)?
64
54 + (-55 - 56) + 25
-32
Calculate 209 + -163 - (63 + 8).
-25
Calculate (-41 - 6 - -50) + -18 + 1.
-14
What is (81 - -24) + -210 + 103?
-2
11 + -7 + -12 - -4 - (0 - (0 - -4))
0
What is the value of 6 + -6 + (-18 - (31 - 2))?
-47
What is the value of (-7 - (-20 + 1 + -8)) + (41 - -72)?
133
What is 22 + (-24 - -56) + -2?
52
What is the value of (-44 - -97) + -42 + 43?
54
Evaluate (4 - 6 - -7) + 18 + 33 + -20 + -2.
34
What is 4 + 100 + -5 + -9 + -2 + -21?
67
-13 - (2 + 5 + -8 + -5 - 4)
-3
Evaluate -42 - (-18 + 13) - -21 - (1 - -48).
-65
Calculate (54 - 0) + 65 + -63 + 35.
91
1 - 0 - (67 - (-2 + 19 - (41 + -34)))
-56
What is the value of 55 + -24 + -207 + 34?
-142
Evaluate (7 - -2) + ((-6 - -3) + -30 - (-73 + 80)).
-31
What